rs of l.
3
Let s(x) be the second derivative of -x**5/4 + x**4/6 + x**3/2 - 3*x**2/2 + 3*x. Let b be s(2). Let j = b - -41. List the prime factors of j.
2, 3
Suppose 0*t - 2 = -t. Suppose 0 = t*v - 8. Suppose -5*i - 10 = j, 0*j + 4*i - 40 = -v*j. List the prime factors of j.
3, 5
Let o(q) = 6*q**3 + 2*q**2 - 1. Let s be o(-1). Let g(l) = l**3 + 7*l**2 - 10*l - 12. Let m be g(-8). What are the prime factors of ((-18)/s)/(m/10)?
3
Let m be 0/((-3)/(3/2)). Let h be (-6)/((-8)/(-1 + 5)). Suppose -4*x = -h*r - 0*x - 7, r + 4*x - 19 = m. List the prime factors of r.
3
Suppose 0 = -36*n + 39*n - 987. List the prime factors of n.
7, 47
Let o be -1*3 + 6/2. Suppose 36 = 3*q - t, o*q = q - 3*t - 12. List the prime factors of q.
2, 3
Let m(o) = -o**2 - 4. Let t be m(-3). What are the prime factors of -2 - t/(-2)*-2?
11
Suppose -5*j + 87 = -4*t, -85 = -3*j + t - 30. List the prime factors of j.
19
Let m be (-3 + 6)*(1 - 0). Suppose -2*a - 12 - 6 = -3*n, -2*n + 22 = -m*a. Let z = 13 + a. What are the prime factors of z?
7
Let p be (-5 - -2)/((-3)/(-4)). List the prime factors of 4 - (-6)/(-3) - p.
2, 3
Suppose 0 = 3*v - 5*v - 8. Let m = 0 - v. What are the prime factors of (4 - m) + (-1 - -7)?
2, 3
Let d be 2/8 - (-14)/8. Let h = 10 - d. List the prime factors of h.
2
Let z(o) = -o**2 - 14*o + 4. Let p be z(-8). Suppose -29 = -2*h - 2*m + 17, -2*h + p = -m. List the prime factors of h.
5
Let r(t) = t**3 + 5*t**2 - 6*t + 5. Let x be r(-6). Suppose x*g + 0*g = 100. List the prime factors of g.
2, 5
Suppose -3*p + 693 - 93 = 0. List the prime factors of p.
2, 5
Suppose -62 = 4*z - 3*q + 56, -z - 27 = -2*q. Let r = z + -9. What are the prime factors of (-10)/3*48/r?
2
Let y be (-12 - 0)/((-7)/21). Suppose 5*s - s = y. What are the prime factors of s?
3
What are the prime factors of 28/(-6)*(-504)/14?
2, 3, 7
Suppose 2*r = 3*r + 2. List the prime factors of (r/(-5))/((-2)/(-50)).
2, 5
Let m = 437 + -280. What are the prime factors of m?
157
Let p(k) = k + 19. List the prime factors of p(-6).
13
Let o(l) = -l + 1. Let z be o(3). What are the prime factors of (-16)/2*1/z?
2
Suppose -4*n + 4*m + 228 = 0, 0*m - 297 = -5*n - m. What are the prime factors of n?
59
Let r(p) = -28*p**3 - p - 1. What are the prime factors of r(-1)?
2, 7
Let i(k) = 3*k - 28. List the prime factors of i(17).
23
What are the prime factors of (-21)/3*-7 - 3?
2, 23
Suppose 4*h + 1 = 5*m, -3*m + 7 = 6*h - 2*h. Suppose 5*x + 17 = -c + m, 5*x + 34 = c. Let q = c + 1. List the prime factors of q.
2, 5
Let t = 222 - 42. Suppose 2*q - 6*q = -t. List the prime factors of q.
3, 5
Let h be 5/(-2)*-1*2. Let q be (-1)/(-5) + 19/h. Suppose -q*a + 6 = 2*j - 28, 0 = 3*a. What are the prime factors of j?
17
Suppose 10 = 2*s - 2. Let w(r) = r**3 - 2*r - 1. Let f be w(2). List the prime factors of (s + (0 - f))*7.
3, 7
Suppose 0 = v + 5, -q + 326 = 2*q - 4*v. Suppose -3 = -4*h + 5, -5*n = h - q. Let z = n + -9. What are the prime factors of z?
11
Suppose 1 - 13 = -4*r. Suppose -r*c + 5 = -l, c = -5*l - 4*c + 35. List the prime factors of l.
2
Let y(l) be the first derivative of -3*l**4/4 - l**2 - 3*l - 7. List the prime factors of y(-2).
5
Let a = -10 + 10. Suppose a = -5*h + 20. Suppose -2*t + 3*s = h, -s + 12 = t + t. List the prime factors of t.
2
Suppose 0*l - 2 = -l. Let a = l - 2. Suppose 0 = 3*i - 15, -5*s + a*s + 3*i = 0. List the prime factors of s.
3
Let f(y) = -y + 3. Let c be f(0). Suppose g + 16 = c*g. List the prime factors of g.
2
Let u = 19 + 3. Suppose 4*x = -u + 122. What are the prime factors of x?
5
Let n be (-267)/(-12) - (-1)/(-4). Suppose 5*r = -5, -52 = -5*s + r + 4. Let j = n - s. What are the prime factors of j?
11
Let h(v) = -27*v + 1. Suppose 0 = -2*t - 4*m + 2, -3 - 1 = -4*m. What are the prime factors of h(t)?
2, 7
Suppose 37*r = 35*r + 216. List the prime factors of r.
2, 3
What are the prime factors of (6 - 4)/4*(93 - -1)?
47
Suppose -b = -3*t + 9 + 4, 35 = 5*b + 5*t. Suppose 54 = 4*k - b. What are the prime factors of k?
2, 7
Let a(y) = y + 9. What are the prime factors of a(-7)?
2
Let o(s) = -s - 5. Let p be o(5). Let x(v) = v**3 + 10*v**2 - 3*v + 14. What are the prime factors of x(p)?
2, 11
Let p(o) = 2 + 5*o + 7*o + 4*o - 4*o - o**2. What are the prime factors of p(10)?
2, 11
Suppose 10*o = 14*o - 360. What are the prime factors of o?
2, 3, 5
Suppose 2*j = 3*b - 103, 0*j + 12 = 3*j. What are the prime factors of b?
37
Let m be (-4)/(-6)*12/(-8). What are the prime factors of (m - (3 + -6)) + 5?
7
Let o be (-6)/5*20/(-8). Suppose 0 = -4*j + 8. Suppose -o*f = -4*w + j*w + 11, -3*w - 4*f + 8 = 0. What are the prime factors of w?
2
Let u be (-195)/6*16/(-10). Suppose -j = 5*t - u, t = -3*j + j + 14. List the prime factors of t.
2, 5
Let c(v) = -2*v - 2. What are the prime factors of c(-9)?
2
Let c be (2 + -4 - 14)/1. Suppose 4 + 12 = -4*u. What are the prime factors of (c/(-6))/(u/(-18))?
2, 3
Let j(p) = p**2 - 11*p + 3. Suppose -2*z + 15 = -7. What are the prime factors of j(z)?
3
Let y(u) = -4*u**2 - 15*u + 1. Let p(s) = -5*s**2 - 16*s + 2. Let k(m) = -3*p(m) + 4*y(m). List the prime factors of k(-11).
3
Let o be (5/(-20))/((-1)/4). Let i be 25/(-4)*(o + -5). Suppose -n + i = 4*n. What are the prime factors of n?
5
What are the prime factors of 1 + (-4)/(-1) - 0?
5
Let p = 272 - 125. What are the prime factors of p?
3, 7
Suppose -4*x = x - 200. List the prime factors of x.
2, 5
Suppose 4*r + 3*f = 83, 2*f + 3*f - 42 = -r. What are the prime factors of r?
17
List the prime factors of 57 + 0/(0 - 4/(-2)).
3, 19
Let p(z) = -z**2 + 8*z - 5. Suppose y + 0*r - 7 = -3*r, -14 = -2*y - 4*r. Let i be p(y). Suppose -5*k + 30 = -i*k. What are the prime factors of k?
2, 5
Let u be (8/(-5))/((-2)/85). Let q = u + -32. Suppose 0*r = -3*r + q. List the prime factors of r.
2, 3
Let x = -124 - -429. What are the prime factors of x?
5, 61
Let t(i) = -i**3 + 7*i**2 - i + 10. Let k be t(7). Suppose m - 2 = -g, k*g + 50 = 8*g - 5*m. What are the prime factors of g?
2, 3
Suppose -3 - 5 = -2*d. Suppose -s - 3*w + 15 = 0, 2 = -2*s + d*w - 2*w. What are the prime factors of s?
3
Let l be (0/(-2))/(-2) + -1. Let a be (-14)/2*1/l. Suppose -4*p = v - 22, -4*p + 25 = -v + a. List the prime factors of v.
2
Let t(a) = 126*a**2 - 2*a - 2. Let u be t(-1). Suppose 0 = -3*f + u - 6. What are the prime factors of f?
2, 5
Let a = -167 - -251. Let z = a + -56. List the prime factors of z.
2, 7
What are the prime factors of 10/5 + 0 + 24?
2, 13
Let i(x) = x**3 - 2*x**2 - 4*x. Suppose 5*k - 36 = -4*b, k - 8 = 3*k - 4*b. What are the prime factors of i(k)?
2
Let o be (-14)/(-2) + 6/2. Let c(q) = 2*q**2 - 5*q - 9*q**2 + 8*q**2 + o. What are the prime factors of c(7)?
2, 3
Let u = -1 - 0. Let z = u + 3. Suppose 0 = 2*w - 5*l - 14, -3*w - 3*l - z*l = -21. What are the prime factors of w?
7
Let t(s) be the first derivative of s**2/2 + 8*s - 2. Let k be t(7). Suppose 5*n - 3*q - 40 = -0, -2*n + q + k = 0. What are the prime factors of n?
5
Let s be ((-4)/3)/(1/(-9)). Let m = s - 3. List the prime factors of 66/9 + 6/m.
2
Suppose -4*x + 5*g = -87, -2*g - 60 = -3*x - 0*g. List the prime factors of x.
2, 3
What are the prime factors of ((-14)/3)/((8/(-6))/4)?
2, 7
Let c be 3*-1*150/(-9). Suppose -c = o - 3*o. Let f = o - 17. List the prime factors of f.
2
Suppose 0*o + 3*u = 2*o - 4, -3*o - 2*u + 6 = 0. List the prime factors of o.
2
Suppose 5*q + 5*i - 7*i - 441 = 0, 9 = -3*i. Suppose 4*a + 82 = 2*n, -a = -2*n + 4*n - q. List the prime factors of n.
43
What are the prime factors of 6 + -6 + 36 + 0?
2, 3
What are the prime factors of (-4)/3*(-222)/4?
2, 37
Suppose -v = -2*v + 207. Suppose 47 - v = -4*z. List the prime factors of z.
2, 5
Let o = -2 + 21. List the prime factors of o.
19
Let h(l) = -l**3 - 12*l**2 - 2*l + 19. What are the prime factors of h(-12)?
43
Suppose 3*q + q = 36. Suppose 45 - q = 2*s. List the prime factors of s.
2, 3
Let r be 84/22 - (-4)/22. Suppose -3*i = 4*o + 10, -r*o + 8 = -0*o. Let a = i + 17. What are the prime factors of a?
11
Let p = -40 - -28. List the prime factors of 455/30 - (-2)/p.
3, 5
Suppose 5*p = 3*r - 703 - 282, -5*p + 640 = 2*r. List the prime factors of r.
5, 13
Suppose -3*z + 4*c + 6 = 0, -2*c + 3*c = z - 2. Let n = 2 - -1. Suppose 0 = -z*y - n*y + 45. What are the prime fa